ded by t.
11
Suppose 4*k = 4*u - 12, 5 = 4*k - 3*k. Let v = 51 + -30. Calculate the remainder when v is divided by u.
5
Let m = -112 - -246. What is the remainder when m is divided by 34?
32
Let s = 8 + 3. Calculate the remainder when 32 is divided by s.
10
Let y(f) = f**2 + 2. Let q = 0 - -1. Let w = 6 - q. What is the remainder when w is divided by y(0)?
1
Let n = -21 - 0. Let l = -10 - n. Calculate the remainder when 43 is divided by l.
10
Let h = 1 + -8. Let l(j) = -4*j**2 - 6*j + 6 - 2 + 5 + 3*j**2. Calculate the remainder when 2 is divided by l(h).
0
Let o(r) = r**3 - 11*r**2 - 12*r + 15. Calculate the remainder when o(12) is divided by 8.
7
Suppose 4*t - 35 = -5*x - t, -4*x = -2*t - 16. Suppose -x*h = -3*m + 5*m + 14, -17 = m + 5*h. What is the remainder when (-127)/(-4) - m/(-12) is divided by 11?
10
Let u = 244 - 141. What is the remainder when u is divided by 35?
33
Let q be (-30)/(-4)*(-336)/(-20). Suppose s = -0*s - 80. Let n = q + s. Calculate the remainder when n is divided by 16.
14
Let y(w) = -w**3 - 4*w**2 - 5*w - 4. Calculate the remainder when y(-4) is divided by (5 + -1)*(-27)/(-12).
7
Let c(t) = 6*t - 9. Calculate the remainder when c(8) is divided by ((-2)/(-20)*6)/((-1)/(-35)).
18
Let r = 13 - 7. Let h = -10 + 26. Calculate the remainder when h is divided by r.
4
Suppose -2*b - 5*g + 21 = 0, 0 = 5*b + 3*g - 7*g - 69. What is the remainder when 49 is divided by b?
10
Let i = 85 - 64. Let s = 45 - 5. Calculate the remainder when s is divided by i.
19
What is the remainder when (6 + 0)*21/(1 - -6) is divided by 10?
8
What is the remainder when ((-5)/(-10))/((-1)/(-40)) is divided by 7?
6
Let n(x) = 5 + 2*x + 0*x**2 - 2 + x**2. Let p be n(-2). Suppose 7*c - p*c = 164. Calculate the remainder when c is divided by 11.
8
Let s(r) = -r + 4. Let c be s(4). Calculate the remainder when (-43)/(c/(-2) + -1) is divided by 11.
10
Let m = -148 + 183. Calculate the remainder when m is divided by 6.
5
Suppose 6*d - j = 2*d + 46, d - 3*j - 6 = 0. Let f = 153 + -108. What is the remainder when f is divided by d?
9
Let z be ((-14)/8)/(2/(-16)). Suppose 2*m + 5*b + z = 0, b - 2*b = -2*m + 10. Calculate the remainder when 4 is divided by m.
1
Let d = -5 - 0. Let n(u) = -7*u - 2. Calculate the remainder when 96 is divided by n(d).
30
Suppose -34 = -3*n + 2*x, 5*n + 2*x - 32 - 14 = 0. What is the remainder when (-230)/(-6) + 6/9 is divided by n?
9
Let n(s) = 2*s + 34. What is the remainder when 13 is divided by n(-13)?
5
Let g be (-4)/(-5)*(-10)/(-4). Suppose -14 = -g*z + 4. What is the remainder when 16 is divided by z?
7
Suppose 0 = z - 4*z + 9. Suppose -z*w = -0*w + 4*y - 21, -5*w + 35 = 2*y. Let u = 19 - w. Calculate the remainder when 22 is divided by u.
10
Suppose 5*l - 38 - 12 = -2*b, b - 29 = -3*l. Suppose -2*z = -l, 49 = 5*y + 2*z - 9. What is the remainder when 29 is divided by y?
9
Let i = 3 + 4. Let p = i - 0. Calculate the remainder when p is divided by 2.
1
Let d(h) = h**3 - 5*h**2 + 3*h + 4. Let i be d(4). Suppose -2*f + 40 = -i*f. Calculate the remainder when f is divided by 11.
9
Let j(y) = y**3 + 11*y**2 - 11*y - 12. Let z be j(-12). Let t = -2 - z. Calculate the remainder when t is divided by 8.
6
Let b(t) = -t**3 + 6*t + 1. What is the remainder when 29 is divided by b(-3)?
9
Suppose -w + 20 = w. Suppose -4 - w = -d. Let b(r) = 3*r**2 - 1. Calculate the remainder when b(-3) is divided by d.
12
Calculate the remainder when ((-29)/(-2))/((-1)/(-2)) is divided by 8.
5
Let p = 40 - 23. What is the remainder when 65 is divided by p?
14
Let o be (-45)/(-6)*16/12. Suppose 2*r = 7*r - o. Let p(w) = 4*w**2 + 2*w. Calculate the remainder when p(r) is divided by 7.
6
Let d = -55 - -79. Suppose 2*g + 192 = 2*z, 4*g = 2*z - z - 99. Calculate the remainder when z is divided by d.
23
Suppose -4*a = -4, 0*a - 3*a = -5*h + 262. Let u = 25 - 11. Calculate the remainder when h is divided by u.
11
Let p be -2 + 1/(2/4). Suppose p = -3*o + 15. What is the remainder when ((-1)/1 + -1)*-4 is divided by o?
3
Let u be 4*(-3)/(-12)*2. Suppose -4*b + 0*b + u*h + 108 = 0, -6 = 3*h. Let p = -6 + 20. Calculate the remainder when b is divided by p.
12
Suppose -5*y + 4*g + 69 = 0, 3*y = -2*g + 32 + 5. What is the remainder when y is divided by 7?
6
Let a = -7 + 10. Let d(f) = 3*f + 7. Let j be d(5). Suppose -v - j = -a*v. What is the remainder when 20 is divided by v?
9
Let w be 12*-1*2/(-6). Let h = -169 - -349. Suppose -w*l = 48 - h. Calculate the remainder when l is divided by 17.
16
Let c = 104 - 67. Suppose -2*q + 19 = -5*m - 14, 4*m = -q + 10. Suppose q = -5*j + 79. Calculate the remainder when c is divided by j.
11
Let y(w) = 24*w - 7. Let m(t) = -23*t + 6. Suppose 4*n = -0*n + 16. Let f(o) = n*y(o) + 5*m(o). Calculate the remainder when f(-2) is divided by 21.
19
Suppose 2*a - 345 = -2*x - x, 5*x + 2*a - 571 = 0. What is the remainder when x is divided by 23?
21
Suppose 0 = -0*b - b + 19. Calculate the remainder when b is divided by 3 + -2 + 9 + 0.
9
Let l = -5 - -9. Suppose o - l*y - 32 = -3*o, -o - 4*y - 17 = 0. Suppose -2*x + q = -21, 0 = -x + o*q + 13. Calculate the remainder when x is divided by 4.
2
Let j(f) = f**3 - 2*f**2 - 5*f - 6. Let n be j(6). What is the remainder when 2/(-9) + 1104/n is divided by 6?
4
What is the remainder when (4 + -9)*(-204)/10 is divided by 26?
24
Suppose -8 = 2*b - 66. What is the remainder when b is divided by 10?
9
Suppose 0 = -0*j + 3*j + c - 57, j = c + 23. Calculate the remainder when j is divided by 66/(-9)*27/(-18).
9
Let c = 71 - 18. Calculate the remainder when c is divided by (-32)/(-2) - (-2)/1.
17
Let n(y) be the third derivative of 7*y**5/60 + y**4/12 - y**3 + 4*y**2. What is the remainder when n(3) is divided by 22?
19
Let a(g) = -2*g**2 - 4*g + 51. What is the remainder when a(0) is divided by 7?
2
Let u = 1 + 1. Let q be u/(-10) - (-286)/5. Suppose -g - q = -4*g. What is the remainder when 37 is divided by g?
18
Let f = -11 + 13. Suppose -c - f*l - 11 = -46, 5*c - 5*l - 250 = 0. What is the remainder when c is divided by 16?
13
Let o = -6 - -17. Calculate the remainder when o is divided by 4.
3
What is the remainder when 13/1 - (2 + 0) is divided by 8?
3
Suppose -3*o + 10 = -5*m - 69, 2*o - 51 = 5*m. Calculate the remainder when 81 is divided by o.
25
Suppose -48 = -3*p + i, 15 = 4*p + 2*i - 39. What is the remainder when p is divided by (-1)/(-2) - (-45)/6?
7
Suppose 0 = -4*k + 83 + 145. What is the remainder when k is divided by 20?
17
Let d(k) = 2*k**2 - 2*k + 2. Let h(p) = -p**2 - 7*p - 2. Let c be h(-6). Calculate the remainder when d(c) is divided by 3/1*(-2 - -5).
8
What is the remainder when (-48)/(-10)*(-210)/(-9) is divided by 19?
17
Suppose -2*v = 0, 6 = 3*i + v - 36. Calculate the remainder when i is divided by (0 + -4)*-1*1.
2
Let f(g) = -1 + 2 + 1 - 15*g - 4. Let r be f(-2). Suppose -4*u + r + 20 = 0. What is the remainder when u is divided by 7?
5
Suppose -2 = -3*y - 5*o, 3*y - 4*o = -2*o + 16. What is the remainder when 14 is divided by y?
2
Let q(r) = -r + 17. Let a = -8 - 5. Calculate the remainder when q(a) is divided by 8.
6
Let s(c) = c**3 - 4*c**2 - 4*c + 4. Suppose 0 = -3*b + 1 - 13. Let u = b - -9. Calculate the remainder when s(5) is divided by u.
4
Suppose -8*h + 76 = -4*h + 4*r, -3*h + 57 = -r. Calculate the remainder when 48 is divided by h.
10
Let p = 38 + -21. Calculate the remainder when 67 is divided by p.
16
What is the remainder when ((-4)/6)/((-50)/195)*5 is divided by 8?
5
Calculate the remainder when -1 + (-1 - (2 - 0) - -51) is divided by 12.
11
Let n be (-2452)/6*6/(-4). Let p = 888 - n. Suppose -p = -4*v - 55. Calculate the remainder when v is divided by 19.
17
Suppose 0 = -4*j - 4*s + 60, -3*j + 5 + 36 = 2*s. Calculate the remainder when 19 is divided by j.
8
Suppose 38 = 4*b - 3*v, -v - 4*v - 12 = -2*b. Let r = b + 26. Calculate the remainder when r is divided by 10.
7
Let b(s) = s**3 - 2*s**2 - 4*s + 2. Let a be b(3). Let z = 21 - a. Calculate the remainder when z is divided by (-2)/(-7) - 270/(-35).
6
Let w(d) = -d**3 - 3*d**2 + 5*d + 2. Let v be w(-4). Let q = 5 + v. Suppose l + 8*m = q*m - 23, -l - 18 = 4*m. What is the remainder when l is divided by 1?
0
What is the remainder when 24 is divided by 7 + 4 + (-4)/2?
6
Suppose 7 - 40 = -3*x. Suppose 